te the highest common divisor of 3 and d.
1
Let n(u) = u**2 - 2*u + 1. Let s be n(1). Let p(x) = x**2 + x + 45. Let b be p(s). Calculate the greatest common factor of 5 and b.
5
Suppose 503 + 197 = 5*x. Calculate the greatest common factor of x and 28.
28
Let m(l) = -l. Let y be m(-2). Suppose 3*i = u + 5, 3*u - 55 = i - 6*i. What is the greatest common divisor of y and u?
2
Suppose -11 = -5*o + 64. Let s be 2/(-6) - (-86)/6. Let j = -4 + s. What is the highest common divisor of j and o?
5
Let c be 6/(-15) + 67/5. Suppose -4*r + c - 1 = -p, 2*r - 6 = -p. Suppose 4*h - 33 = 3*d, -3*h = 2*h - 2*d - 50. What is the highest common divisor of h and r?
3
Suppose 0 = -5*k + l + 16, 3*k - 4*l + 0 = -4. Calculate the highest common divisor of k and 4.
4
Suppose -3*q - 2 = -5*q. Suppose 5*t - 30 = 4*d, -2*t - 2*d - 6 = -0*d. Let b be 17 + t/(2/q). What is the highest common divisor of 6 and b?
6
Suppose 2*z = -5*x + 40, 3*z + 39 = 4*x + 7. Suppose 0 = -4*s + 5*l + 288, -144 = -s - s + 3*l. What is the greatest common factor of s and x?
8
Suppose -4*h + 24 = -3*g, 5*h - 2*g - 3*g - 35 = 0. Calculate the highest common divisor of 9 and h.
3
Suppose 40 = 5*m + 5. Calculate the greatest common factor of 63 and m.
7
Suppose 384 = 5*l - l. What is the greatest common divisor of l and 24?
24
Let d(w) = w**3 - 4*w**2 + 3*w - 13. Let l(u) = -u**2 - u + 1. Let r(v) = -d(v) - 5*l(v). Let h be r(8). What is the greatest common factor of h and 11?
11
Let a(s) = -69*s + 1. Let p be a(-1). Calculate the greatest common divisor of 175 and p.
35
Let p(i) = 3*i**2 - 10*i - 21. Let d be p(-9). What is the highest common factor of 24 and d?
24
Let n(p) = -5*p + 32. Let y be n(6). Calculate the highest common divisor of 54 and y.
2
Let f = 6 - 3. Suppose -4*c + f*c - 2*a = -26, -c = -5*a - 19. Calculate the highest common factor of c and 12.
12
Let a be 19/(16/14 - (1 - 0)). Calculate the highest common factor of 19 and a.
19
Suppose l + 6 = 9. Let m(r) = 2*r + 1. Let d be m(1). Calculate the highest common factor of l and d.
3
Let s = -3 - -12. Let x(o) = -4*o + 15. Let y(f) = 4*f - 16. Let h(b) = -5*x(b) - 4*y(b). Let z be h(s). Calculate the greatest common factor of 10 and z.
5
Suppose -5*h + 17 = 3*b, -5*h + 3*b + 19 = -h. Suppose 3*x = 11 + h. Let i be 3/(-1)*(-10)/3. What is the greatest common divisor of x and i?
5
Suppose -7 = -b + 17. Calculate the greatest common factor of 24 and b.
24
Let o(u) = u + 19. Let m be o(-13). Calculate the greatest common divisor of m and 30.
6
Suppose p - 5*p + 96 = 0. Suppose -5*q + p = -306. Suppose -b + 10 = 4. Calculate the greatest common divisor of q and b.
6
Let a = 663 - 303. Calculate the greatest common factor of a and 45.
45
Suppose r + 35 = j, -2*r - 3*r = -j + 15. Suppose 3*v - 3*d - 166 = -28, 0 = -v + 2*d + 51. Let k = v + -25. Calculate the greatest common divisor of k and j.
8
Let v(a) = 3*a + 24. Let z be v(-7). What is the greatest common divisor of z and 24?
3
Let v be (4/(-10))/(2/(-140)). Let i be (1/(-1))/((-4)/v). Let p be (0 + 6)*42/12. What is the highest common divisor of p and i?
7
Suppose -3*u = 2*u - 3*x - 12, 0 = -5*x + 5. Let c(o) = o**3 - 3*o**2 + 2*o - 9. Let j be c(4). What is the highest common divisor of j and u?
3
Let t(z) = -6*z - 18. Let p be t(-5). What is the greatest common factor of p and 24?
12
Suppose -4*q + 11 + 0 = b, b - 15 = -3*q. Let l be (-4)/(-2) + -1 + 17. Let o = 27 - l. What is the greatest common divisor of b and o?
9
Let g be -5*((-2)/4)/(2/4). Calculate the greatest common divisor of 15 and g.
5
Let a(h) = -h**2 - 8*h - 1. Let r be a(-6). Calculate the highest common divisor of r and 11.
11
Let m(x) = 3*x + 1. Suppose 0 = 5*q - 0*q - 15. Let s be m(q). What is the highest common factor of s and 80?
10
Suppose 1 = g - 0*g. Suppose 2*a - g = 1. Suppose -7 - a = -b. What is the highest common factor of 72 and b?
8
Let k = 32 - 21. Let y = 483 + -311. Let p = y + -117. What is the highest common factor of k and p?
11
Let j = -1 + 3. Let p be ((-1)/j*-46)/1. Let t be 1 + 2 - 0 - -250. What is the highest common factor of p and t?
23
Let q be 4 + -6 - (-6)/2. Let y be (11 - -6)/(q + 0). Calculate the highest common divisor of y and 187.
17
Let b(n) = 3*n + 7. Let g be b(-4). Let u(t) = 2*t - 2. Let l be u(-3). Let s = g - l. What is the greatest common divisor of 30 and s?
3
Suppose 2*o - 10 = 4. Suppose 3*n = o*n - 448. Suppose 9*j - 2*j - 98 = 0. What is the highest common divisor of j and n?
14
Suppose 98*o - 92*o = 1512. What is the highest common divisor of o and 42?
42
Let n(s) = -s**2 + 5*s - 2. Let v be n(4). Calculate the greatest common factor of 62 and v.
2
Suppose -2*m = -5*m + 15, 0 = p + 4*m - 60. Suppose -36 = y - 4*y. Let z be 1/3 - (-56)/y. Calculate the greatest common divisor of p and z.
5
Let b(y) be the second derivative of -y**5/10 - y**4/6 + 3*y**2/2 - 10*y. Let w be b(-2). Calculate the highest common divisor of w and 99.
11
Suppose u = 9 - 4. Suppose 0 = -4*p + 7 + 1. Suppose -i + p*o - 88 = -3*i, -5*i + 5*o = -230. Calculate the highest common divisor of u and i.
5
Suppose -169 = -0*k - k - 5*s, 0 = -4*k - 4*s + 596. What is the greatest common divisor of k and 18?
18
Let z(p) = -p**3 + 5*p**2 + p - 5. Let t be z(3). Calculate the greatest common factor of 16 and t.
16
Suppose 10*i = 964 - 264. Calculate the greatest common divisor of i and 20.
10
Let h = -141 - -334. Suppose -51 = -4*c + h. Let o = c - 25. Calculate the highest common factor of o and 9.
9
Suppose -4*y - 5*x + 40 = -y, y - 10 = -5*x. Calculate the highest common divisor of y and 10.
5
Suppose -2*l + 112 = -0*l. Let u = 14 - 7. What is the highest common factor of l and u?
7
Let o(m) = 4*m + 10. Let y(u) = 1. Let t(d) = o(d) - 10*y(d). Let k be t(3). What is the greatest common factor of 48 and k?
12
Let f be (4/(-5))/(9/(-135)). Let w be 106/6 - 2/(-6). Calculate the highest common divisor of f and w.
6
Suppose -2*o + 7*o = 15. Suppose -2*f = -o*f + 8. Let n be 3/6 + 124/f. Calculate the highest common factor of 16 and n.
16
Let r(j) = 5*j**2 - 3*j. Let s be r(2). Calculate the greatest common factor of 140 and s.
14
Let r be (-280)/(-12)*9/6. Calculate the highest common divisor of r and 175.
35
Suppose 71 = 2*y + 23. Calculate the greatest common divisor of y and 96.
24
Let y = -4 - -15. Let b be 90/y + 6/(-33). What is the greatest common factor of 20 and b?
4
Suppose 2 = 3*g + 11. Let i be 0*3/(-9) + 3. Let k be (g + 15)/(2/i). Calculate the greatest common factor of k and 2.
2
Let b be 33 + -1 + 0 + 0. Let u be -3*((-40)/6)/5. Suppose 0 = -3*z + 44 + u. What is the greatest common divisor of z and b?
16
Let s(c) = -c - 125. Let f be s(0). Let l = f - -181. Let n = 18 - 11. What is the highest common factor of n and l?
7
Let c be 3/((-6)/(-26)) + 1. Suppose -2*r + 0 = -c. Suppose -125 = -4*q + 15. Calculate the greatest common divisor of r and q.
7
Suppose -2*l - 3*c - 92 = -6*l, 0 = -4*l - 5*c + 60. Suppose -3*o + 19 = 4. Calculate the highest common factor of l and o.
5
Let m be 20/6 + (-8)/(-12). Suppose -y + 6 = d, 3*y = -5*d + m*y + 48. Suppose 0 = 5*h + 109 - 604. What is the highest common factor of d and h?
9
Let z = -469 - -317. Let s = z - -323. Calculate the highest common divisor of s and 19.
19
Let w = 202 + -138. Suppose 3*t - 4*t = 4*c - w, -4*c - 68 = -2*t. What is the greatest common divisor of t and 4?
4
Let f(t) = 2*t**2 + 13*t + 2. Let j be f(-7). What is the greatest common factor of j and 36?
9
Let t(n) = -3*n + 2. Let p be t(2). Let m = 6 - p. Calculate the highest common factor of m and 70.
10
Suppose -5*c = -15, -m + 4*c = -0*m + 2. Calculate the greatest common factor of 25 and m.
5
Suppose -2*l + 5*y + 26 = y, -16 = 4*y. Suppose l*m - 14 = 66. Calculate the greatest common factor of 128 and m.
16
Suppose -s = -2*s + 17. What is the greatest common divisor of s and 17?
17
Let d = 51 + -28. What is the greatest common divisor of 207 and d?
23
Let r = -47 + 74. Suppose -5*o = 7 - r. Suppose -4*l = n - 8 - 12, -2*n - o*l = -28. What is the highest common divisor of 8 and n?
8
Suppose -4*f - 5*y = -261, -y = 3*f - 108 - 96. What is the greatest common factor of 46 and f?
23
Suppose c + 3*c + 2*w = 26, 0 = -3*c - w + 19. Let y(x) = 7*x + 6. Let d be y(c). What